{"id":100,"date":"2023-02-11T12:42:04","date_gmt":"2023-02-11T12:42:04","guid":{"rendered":"https:\/\/developer.drharastaedit.hu\/?page_id=100"},"modified":"2023-02-11T19:44:48","modified_gmt":"2023-02-11T19:44:48","slug":"tajekoztato-anyagok","status":"publish","type":"page","link":"https:\/\/drharastaedit.hu\/?page_id=100","title":{"rendered":"T\u00e1j\u00e9koztat\u00f3 anyagok"},"content":{"rendered":"\n<p><\/p>\n\n\n\n<p><\/p>\n\n\n\n<p><\/p>\n\n\n\n<div style=\"height:100px\" aria-hidden=\"true\" class=\"wp-block-spacer\"><\/div>\n\n\n\n<p class=\"has-large-font-size\"><a href=\"\/?page_id=102\" data-type=\"URL\" data-id=\"\/?page_id=102\" target=\"_blank\" rel=\"noreferrer noopener\">El\u0151k\u00e9sz\u00edt\u00e9s vastagb\u00e9lt\u00fckr\u00f6z\u00e9shez<\/a><\/p>\n\n\n\n<p><\/p>\n\n\n\n<div style=\"height:100px\" aria-hidden=\"true\" class=\"wp-block-spacer\"><\/div>\n\n\n\n<figure class=\"wp-block-image aligncenter size-large is-style-default\"><img loading=\"lazy\" decoding=\"async\" width=\"1024\" height=\"683\" src=\"https:\/\/developer.drharastaedit.hu\/wp-content\/uploads\/2023\/02\/close-up-female-hands-shaping-heart-belly1-1024x683.jpg\" alt=\"\" class=\"wp-image-154\" srcset=\"https:\/\/drharastaedit.hu\/wp-content\/uploads\/2023\/02\/close-up-female-hands-shaping-heart-belly1-1024x683.jpg 1024w, https:\/\/drharastaedit.hu\/wp-content\/uploads\/2023\/02\/close-up-female-hands-shaping-heart-belly1-300x200.jpg 300w, https:\/\/drharastaedit.hu\/wp-content\/uploads\/2023\/02\/close-up-female-hands-shaping-heart-belly1-768x512.jpg 768w, https:\/\/drharastaedit.hu\/wp-content\/uploads\/2023\/02\/close-up-female-hands-shaping-heart-belly1-1536x1024.jpg 1536w, https:\/\/drharastaedit.hu\/wp-content\/uploads\/2023\/02\/close-up-female-hands-shaping-heart-belly1-2048x1365.jpg 2048w\" sizes=\"auto, (max-width: 1024px) 100vw, 1024px\" \/><\/figure>\n","protected":false},"excerpt":{"rendered":"<p>El\u0151k\u00e9sz\u00edt\u00e9s vastagb\u00e9lt\u00fckr\u00f6z\u00e9shez<\/p>\n","protected":false},"author":1,"featured_media":0,"parent":0,"menu_order":1,"comment_status":"closed","ping_status":"closed","template":"","meta":{"_sitemap_exclude":false,"_sitemap_priority":"","_sitemap_frequency":"","footnotes":""},"class_list":["post-100","page","type-page","status-publish","hentry"],"_links":{"self":[{"href":"https:\/\/drharastaedit.hu\/index.php?rest_route=\/wp\/v2\/pages\/100","targetHints":{"allow":["GET"]}}],"collection":[{"href":"https:\/\/drharastaedit.hu\/index.php?rest_route=\/wp\/v2\/pages"}],"about":[{"href":"https:\/\/drharastaedit.hu\/index.php?rest_route=\/wp\/v2\/types\/page"}],"author":[{"embeddable":true,"href":"https:\/\/drharastaedit.hu\/index.php?rest_route=\/wp\/v2\/users\/1"}],"replies":[{"embeddable":true,"href":"https:\/\/drharastaedit.hu\/index.php?rest_route=%2Fwp%2Fv2%2Fcomments&post=100"}],"version-history":[{"count":4,"href":"https:\/\/drharastaedit.hu\/index.php?rest_route=\/wp\/v2\/pages\/100\/revisions"}],"predecessor-version":[{"id":157,"href":"https:\/\/drharastaedit.hu\/index.php?rest_route=\/wp\/v2\/pages\/100\/revisions\/157"}],"wp:attachment":[{"href":"https:\/\/drharastaedit.hu\/index.php?rest_route=%2Fwp%2Fv2%2Fmedia&parent=100"}],"curies":[{"name":"wp","href":"https:\/\/api.w.org\/{rel}","templated":true}]}}